oes 92 divide 37083?
False
Is 875549 a multiple of 93?
False
Does 2 divide 17300?
True
Is 39 a factor of 278889?
True
Is 70 a factor of 47497?
False
Does 88 divide 227994?
False
Is 160776 a multiple of 154?
True
Is 199 a factor of 173258?
False
Is 2938828 a multiple of 150?
False
Is 17 a factor of 3745202?
True
Is 6407370 a multiple of 95?
True
Is 895778 a multiple of 131?
True
Does 146 divide 138262?
True
Is 11064581 a multiple of 15?
False
Is 43 a factor of 5615495?
False
Does 72 divide 4148712?
True
Is 1200261 a multiple of 417?
False
Is 74460 a multiple of 10?
True
Is 352 a factor of 192192?
True
Is 2557217 a multiple of 27?
False
Is 317570 a multiple of 1393?
False
Is 9 a factor of 71127?
True
Does 23 divide 3451351?
False
Is 159900 a multiple of 12?
True
Is 1483 a factor of 12911032?
False
Is 6794118 a multiple of 18?
True
Is 2732330 a multiple of 10?
True
Does 462 divide 16441656?
True
Is 7826620 a multiple of 316?
False
Does 71 divide 885711?
False
Is 30 a factor of 156480?
True
Is 617 a factor of 2047206?
True
Does 12 divide 123048?
True
Is 1253665 a multiple of 545?
False
Is 181071 a multiple of 177?
True
Is 676320 a multiple of 41?
False
Is 1354764 a multiple of 687?
True
Does 6 divide 1248?
True
Is 26826 even?
True
Does 8 divide 13920?
True
Does 156 divide 70668?
True
Is 732872 a multiple of 15?
False
Does 9 divide 543699?
True
Is 10 a factor of 207830?
True
Is 145 a factor of 9900165?
True
Is 79 a factor of 4206039?
True
Is 204 a factor of 290496?
True
Is 56013 a multiple of 117?
False
Is 30 a factor of 1174043?
False
Does 16 divide 4581847?
False
Is 9 a factor of 56718?
True
Is 5800132 a multiple of 13?
True
Is 4 a factor of 32378?
False
Does 3 divide 1865378?
False
Is 48 a factor of 93089?
False
Does 9 divide 184761?
True
Is 18184 a multiple of 322?
False
Is 5150312 a multiple of 194?
True
Is 1176 a factor of 3331608?
True
Is 351 a factor of 333450?
True
Is 205 a factor of 3426956?
False
Is 61824 a multiple of 32?
True
Does 188 divide 11938000?
True
Is 3 a factor of 17353?
False
Does 947 divide 18351638?
False
Does 7 divide 799965?
False
Is 421065 a multiple of 12?
False
Does 219 divide 469755?
True
Is 32 a factor of 2226976?
True
Does 9 divide 1522665?
True
Does 21 divide 3420415?
False
Does 203 divide 299019?
True
Does 6 divide 17329?
False
Is 21 a factor of 1504146?
True
Is 1358449 a multiple of 726?
False
Is 867112 a multiple of 766?
True
Does 31 divide 207731?
True
Is 19 a factor of 1553834?
False
Is 348563 a multiple of 26?
False
Is 681 a factor of 2009?
False
Is 131 a factor of 2019251?
False
Is 968911 a multiple of 377?
False
Does 670 divide 382570?
True
Does 50 divide 6483112?
False
Does 200 divide 5906654?
False
Does 411 divide 1189023?
True
Is 176 a factor of 4125199?
False
Does 15 divide 11144795?
False
Does 20 divide 33153?
False
Is 2097740 a multiple of 10?
True
Does 216 divide 119664?
True
Does 248 divide 5275208?
True
Does 24 divide 1097688?
True
Is 7735581 a multiple of 567?
True
Is 5285736 a multiple of 162?
True
Does 213 divide 3071886?
True
Is 4 a factor of 369552?
True
Is 83 a factor of 5822972?
False
Does 800 divide 3378400?
True
Does 21 divide 3410106?
True
Does 21 divide 76769?
False
Is 95274 a multiple of 402?
True
Is 58 a factor of 109098?
True
Is 109 a factor of 182420?
False
Does 301 divide 9859745?
False
Is 5255223 a multiple of 1911?
False
Does 201 divide 2025879?
True
Does 5 divide 3718993?
False
Is 401536 a multiple of 8?
True
Is 100137 a multiple of 87?
True
Is 6 a factor of 2580?
True
Does 7 divide 150989?
False
Is 18844 a multiple of 2?
True
Does 9 divide 548730?
True
Is 5116140 a multiple of 15?
True
Is 275092 a multiple of 4?
True
Is 719415 a multiple of 186?
False
Is 358 a factor of 434970?
True
Does 241 divide 321398?
False
Is 39258 a multiple of 172?
False
Is 1397 a multiple of 127?
True
Does 73 divide 7795102?
False
Is 28072 a multiple of 4?
True
Is 127 a factor of 7567943?
False
Is 5693047 a multiple of 16?
False
Is 10629892 a multiple of 52?
True
Is 878384 a multiple of 656?
True
Does 71 divide 15507110?
True
Does 253 divide 11462538?
False
Is 8 a factor of 4454?
False
Does 3 divide 5220?
True
Is 24 a factor of 324206?
False
Is 103592 a multiple of 46?
True
Is 4373028 a multiple of 22?
True
Is 474467 a multiple of 161?
True
Does 29 divide 781985?
True
Is 12104 a multiple of 17?
True
Is 95 a factor of 61902?
False
Does 444 divide 3012540?
True
Does 337 divide 13040504?
False
Is 1438248 a multiple of 4?
True
Is 2262606 a multiple of 1317?
True
Is 126 a factor of 195300?
True
Is 32795 a multiple of 5?
True
Is 32 a factor of 4338?
False
Is 10 a factor of 99365?
False
Is 209 a factor of 9311577?
True
Is 518784 a multiple of 8?
True
Is 1701704 a multiple of 8?
True
Does 160 divide 231520?
True
Is 7576 a multiple of 4?
True
Is 1422249 a multiple of 4?
False
Does 26 divide 2044250?
True
Is 1935969 a multiple of 58?
False
Is 19 a factor of 270548?
False
Is 429 a factor of 1707654?
False
Is 19 a factor of 1554846?
True
Is 2 a factor of 456858?
True
Does 4 divide 34938?
False
Is 14 a factor of 11746166?
False
Is 12 a factor of 14102?
False
Is 60657 a multiple of 8?
False
Is 49454 a multiple of 15?
False
Does 1147 divide 1668454?
False
Is 167166 a multiple of 6?
True
Is 2 a factor of 340?
True
Is 5603473 a multiple of 13?
False
Is 62 a factor of 54076?
False
Is 1391 even?
False
Is 25 a factor of 1289295?
False
Is 284491 a multiple of 58?
False
Is 7 a factor of 948220?
True
Does 557 divide 776781?
False
Does 195 divide 2127840?
True
Does 187 divide 305452?
False
Is 1754882 a multiple of 1047?
False
Does 24 divide 456317?
False
Is 24948 a multiple of 54?
True
Is 6 a factor of 123772?
False
Is 68975 a multiple of 4?
False
Is 2995290 a multiple of 137?
False
Is 7 a factor of 662914?
True
Does 6 divide 790634?
False
Is 67959 a multiple of 81?
True
Does 3 divide 79731?
True
Does 490 divide 1323000?
True
Is 38712 a multiple of 14?
False
Does 461 divide 3752236?
False
Is 8564895 a multiple of 9?
True
Is 162470 a multiple of 10?
True
Is 8 a factor of 349856?
True
Is 219711 a multiple of 13?
False
Is 33 a factor of 38060?
False
Is 12 a factor of 11149873?
False
Is 78 a factor of 63024?
True
Is 10179 a multiple of 155?
False
Is 398 a factor of 655497?
False
Is 55 a factor of 379885?
True
Does 45 divide 581281?
False
Is 1391058 a multiple of 23?
False
Is 13016852 a multiple of 761?
False
Does 4 divide 559?
False
Is 6 a factor of 326842?
False
Does 291 divide 2358555?
True
Does 8 divide 3201223?
False
Does 103 divide 29561?
True
Does 92 divide 53169?
False
Does 29 divide 529595?
False
Does 10 divide 4456540?
True
Is 1137921 a multiple of 50?
False
Is 6 a factor of 100705?
False
Does 33 divide 3873399?
False
Is 65 a factor of 220376?
False
Is 5854018 a multiple of 39?
False
Does 1177 divide 3482864?
False
Is 5587666 a multiple of 5?
False
Does 60 divide 6887220?
True
Does 1492 divide 3018316?
True
Is 368590 a multiple of 145?
True
Does 13 divide 592423?
True
Does 21 divide 396820?
False
Does 18 divide 37416?
False
Is 14 a factor of 270648?
True
Is 14220 a multiple of 12?
True
Does 538 divide 15993621?
False
Does 44 divide 29084?
True
Does 30 divide 456325?
False
Is 6344800 a multiple of 385?
True
Does 267 divide 2131255?
False
Does 11 divide 1885398?
False
Is 301060 a multiple of 156?
False
Is 1958792 a multiple of 15?
False
Does 91 divide 738419?
False
Is 27 a factor of 7516368?
True
Is 3968034 a multiple of 1334?
False
Is 2666695 a multiple of 347?
True
Is 290424 a multiple of 6?
True
Is 1222286 a multiple of 426?
False
Does 2 divide 113318?
True
Is 99663 a multiple of 15?
False
Is 212400 a multiple of 60?
True
Does 37 divide 330854?
True
Is 96 a factor of 47616?
True
Is 219 a factor of 3443814?
False
Is 251140 a multiple of 29?
True
Is 19552 a multiple of 8?
True
Is 14 a factor of 631008?
True
Is 6897756 a multiple of 92?
False
Does 3 divide 14709?
True
Is 31 a factor of 41530?
False
Is 282735 a multiple of 103?
True
Is 99 a factor of 451241?
False
Is 133 a factor of 144787?
False
Is 13798383 a multiple of 719?
False
Is 2 a factor of 5029?
False
Is 1626 a factor of 13204746?
True
Is 18151684 a multiple of 608?
False
Does 17 divide 142643?
False
Does 547 divide 474249?
True
Is 607 a factor of 277399?
True